{"id":4658,"date":"2025-07-21T10:21:24","date_gmt":"2025-07-21T10:21:24","guid":{"rendered":"https:\/\/ttgrupfilo.com\/?page_id=4658"},"modified":"2025-07-29T11:03:59","modified_gmt":"2025-07-29T11:03:59","slug":"nasil-kiralarim","status":"publish","type":"page","link":"https:\/\/ttgrupfilo.com\/index.php\/nasil-kiralarim\/","title":{"rendered":"Nas\u0131l Kiralar\u0131m?"},"content":{"rendered":"\t\t<div data-elementor-type=\"wp-page\" data-elementor-id=\"4658\" class=\"elementor elementor-4658\">\n\t\t\t\t        <section class=\"elementor-section elementor-top-section elementor-element elementor-element-6207c16 elementor-section-boxed elementor-section-height-default elementor-section-height-default ct-header-fixed-none ct-row-max-none\" data-id=\"6207c16\" data-element_type=\"section\">\n            \n                        <div class=\"elementor-container elementor-column-gap-default \">\n                    <div class=\"elementor-column elementor-col-100 elementor-top-column elementor-element elementor-element-3f4ab07\" data-id=\"3f4ab07\" data-element_type=\"column\">\n        <div class=\"elementor-widget-wrap elementor-element-populated\">\n                    \n        \r\n\t\t<div class=\"elementor-element elementor-element-b0d6463 elementor-widget elementor-widget-heading\" data-id=\"b0d6463\" data-element_type=\"widget\" data-widget_type=\"heading.default\">\n\t\t\t\t<div class=\"elementor-widget-container\">\n\t\t\t\t\t<h2 class=\"elementor-heading-title elementor-size-default\">ARA\u00c7 K\u0130RALAMA<\/h2>\t\t\t\t<\/div>\n\t\t\t\t<\/div>\n\t\t            <\/div>\n        <\/div>\n                    <\/div>\n        <\/section>\n                <section class=\"elementor-section elementor-top-section elementor-element elementor-element-4c5176d elementor-section-boxed elementor-section-height-default elementor-section-height-default ct-header-fixed-none ct-row-max-none\" data-id=\"4c5176d\" data-element_type=\"section\">\n            \n                        <div class=\"elementor-container elementor-column-gap-default \">\n                    <div class=\"elementor-column elementor-col-100 elementor-top-column elementor-element elementor-element-af918ca\" data-id=\"af918ca\" data-element_type=\"column\">\n        <div class=\"elementor-widget-wrap elementor-element-populated\">\n                    \n        \t\t<div class=\"elementor-element elementor-element-2523c6f elementor-widget elementor-widget-text-editor\" data-id=\"2523c6f\" data-element_type=\"widget\" data-widget_type=\"text-editor.default\">\n\t\t\t\t<div class=\"elementor-widget-container\">\n\t\t\t\t\t\t\t\t\t<strong>Kiralama yapabilmek i\u00e7in \u015firketimin ne gibi kriterlere sahip olmas\u0131 gerekir?<\/strong>\n<BR>\n\nFinans ekibimizin incelemeleri sonucunda \u015firketinizin finansal yeterlili\u011fi tespit edilir. Bu s\u00fcre\u00e7 s\u0131ras\u0131nda sizlerden baz\u0131 veriler\/evraklar talep edilebilir. Bu s\u00fcre\u00e7 en h\u0131zl\u0131 \u015fekilde tamamlanarak, sizlere bilgi verilir.\t\t\t\t\t\t\t\t<\/div>\n\t\t\t\t<\/div>\n\t\t\t\t<div class=\"elementor-element elementor-element-2ca2370 elementor-widget elementor-widget-text-editor\" data-id=\"2ca2370\" data-element_type=\"widget\" data-widget_type=\"text-editor.default\">\n\t\t\t\t<div class=\"elementor-widget-container\">\n\t\t\t\t\t\t\t\t\t<strong>Beyan limitleri yeterli de\u011fil gibi? S\u0131n\u0131rs\u0131z beyan olmuyor mu?<\/strong>\n<BR>\n\n\u00dccreti dahil olsa bile, hi\u00e7bir kasko s\u0131n\u0131rs\u0131z adet ve tutarda beyan limiti vermemektedir. Ancak m\u00fc\u015fterilerimizin ihtiya\u00e7lar\u0131na g\u00f6re ve s\u00f6zle\u015fme a\u015famas\u0131ndaki taleplerine g\u00f6re, beyan limitlerinde yukar\u0131 y\u00f6nl\u00fc revize yapabiliyoruz.\t\t\t\t\t\t\t\t<\/div>\n\t\t\t\t<\/div>\n\t\t\t\t<div class=\"elementor-element elementor-element-3a4a1de elementor-widget elementor-widget-text-editor\" data-id=\"3a4a1de\" data-element_type=\"widget\" data-widget_type=\"text-editor.default\">\n\t\t\t\t<div class=\"elementor-widget-container\">\n\t\t\t\t\t\t\t\t\t<p><strong>Kiralama tekliflerinde nelere dikkat etmeliyim?<br \/><\/strong>Genel olarak size sunulan tekliflerde, alaca\u011f\u0131n\u0131z hizmetin neleri kapsad\u0131\u011f\u0131n\u0131 veya kapsamad\u0131\u011f\u0131n\u0131 dikkatli incelemeniz gerekir. Kiralama s\u00f6zle\u015fmelerinde dikkat edilmesi gereken ana ba\u015fl\u0131klar\u0131 a\u015fa\u011f\u0131da bulabilirsiniz.<br \/>KM S\u0131n\u0131r\u0131 (Kiralad\u0131\u011f\u0131n\u0131z arac\u0131 y\u0131lda ka\u00e7 kilometre kullanabilece\u011finiz)<br \/>KM A\u015f\u0131m Bedelleri (Kiralad\u0131\u011f\u0131n\u0131z ara\u00e7 i\u00e7in anla\u015fm\u0131\u015f oldu\u011funuz kilometre s\u0131n\u0131r\u0131n\u0131 a\u015fman\u0131z durumunda \u00f6demeniz gereken tutar)<br \/>\u2022 Lastiklerinizi de\u011fi\u015ftirmeniz gereken kilometreler<br \/>\u2022 Sigorta \u015fartlar\u0131<br \/>\u2022 Beyan Hakk\u0131<br \/>\u2022 \u0130kame ara\u00e7 verilme s\u00fcreleri<br \/>\u2022 Servis s\u00fcreleri<br \/>\u2022 Yol yard\u0131m hizmeti i\u00e7eri\u011fi<br \/>\u2022 7\/24 Hizmet veriliyor mu?<br \/>Unutulmamas\u0131 gerekir ki ara\u00e7 kiralama s\u00fcresi boyunca hizmet al\u0131nacak ve ara\u00e7lar\u0131n\u0131z\u0131n i\u015fleyi\u015finde ve operasyonunda herhangi bir aksakl\u0131\u011f\u0131n ya\u015fanmamas\u0131 gerekmektedir. Bu y\u00fczden anla\u015faca\u011f\u0131n\u0131z \u015firketin bu operasyonu y\u00f6netecek tecr\u00fcbe ve yetkinli\u011fe sahip olmas\u0131 \u00e7ok \u00f6nemlidir.<\/p>\t\t\t\t\t\t\t\t<\/div>\n\t\t\t\t<\/div>\n\t\t\t\t<div class=\"elementor-element elementor-element-e9a7510 elementor-widget elementor-widget-text-editor\" data-id=\"e9a7510\" data-element_type=\"widget\" data-widget_type=\"text-editor.default\">\n\t\t\t\t<div class=\"elementor-widget-container\">\n\t\t\t\t\t\t\t\t\t<p><strong><a class=\"ct-ac-title-text\">2.el ara\u00e7 kiralayabilir miyim?<\/a><br \/><\/strong>M\u00fc\u015fteri memnuniyeti oda\u011f\u0131m\u0131z sebebiyle s\u0131f\u0131r\/2.el ara\u00e7lar kiralamaktay\u0131z.<\/p>\t\t\t\t\t\t\t\t<\/div>\n\t\t\t\t<\/div>\n\t\t\t\t<div class=\"elementor-element elementor-element-f323b31 elementor-widget elementor-widget-text-editor\" data-id=\"f323b31\" data-element_type=\"widget\" data-widget_type=\"text-editor.default\">\n\t\t\t\t<div class=\"elementor-widget-container\">\n\t\t\t\t\t\t\t\t\t<strong>Recontracting neden yap\u0131lam\u0131yor?<\/strong>\n<BR>\nS\u00f6zle\u015fmenize ek olarak protokolle toplam s\u00f6zle\u015fme s\u00fcresi 47 ay\u0131 a\u015fmamak kayd\u0131yla uzatma yap\u0131labilmektedir. 47 a\u015fan durumlarda yasalar gere\u011fince leasing hizmeti kapsam\u0131na girdi\u011fi i\u00e7in daha fazla uzat\u0131lamamaktad\u0131r.\n\t\t\t\t\t\t\t\t<\/div>\n\t\t\t\t<\/div>\n\t\t\t\t<div class=\"elementor-element elementor-element-0b1df62 elementor-widget elementor-widget-text-editor\" data-id=\"0b1df62\" data-element_type=\"widget\" data-widget_type=\"text-editor.default\">\n\t\t\t\t<div class=\"elementor-widget-container\">\n\t\t\t\t\t\t\t\t\t<strong>G\u00fcnl\u00fck ara\u00e7 kiralayabilir miyim?<\/strong>\n<BR>\nG\u00fcnl\u00fck ara\u00e7 kiralamas\u0131 yap\u0131lmamaktad\u0131r.\n\t\t\t\t\t\t\t\t<\/div>\n\t\t\t\t<\/div>\n\t\t            <\/div>\n        <\/div>\n                    <\/div>\n        <\/section>\n        \t\t<\/div>\n\t\t","protected":false},"excerpt":{"rendered":"<p>ARA\u00c7 K\u0130RALAMA Kiralama yapabilmek i\u00e7in \u015firketimin ne gibi kriterlere sahip olmas\u0131 gerekir? Finans ekibimizin incelemeleri sonucunda \u015firketinizin finansal yeterlili\u011fi tespit edilir. Bu s\u00fcre\u00e7 s\u0131ras\u0131nda sizlerden baz\u0131 veriler\/evraklar talep edilebilir. Bu s\u00fcre\u00e7 en h\u0131zl\u0131 \u015fekilde tamamlanarak, sizlere bilgi verilir.Beyan limitleri yeterli de\u011fil gibi? S\u0131n\u0131rs\u0131z beyan olmuyor mu? \u00dccreti dahil olsa bile, hi\u00e7bir kasko s\u0131n\u0131rs\u0131z adet ve [&hellip;]<\/p>\n","protected":false},"author":1,"featured_media":0,"parent":0,"menu_order":0,"comment_status":"closed","ping_status":"closed","template":"","meta":{"footnotes":""},"class_list":["post-4658","page","type-page","status-publish","hentry"],"_links":{"self":[{"href":"https:\/\/ttgrupfilo.com\/index.php\/wp-json\/wp\/v2\/pages\/4658","targetHints":{"allow":["GET"]}}],"collection":[{"href":"https:\/\/ttgrupfilo.com\/index.php\/wp-json\/wp\/v2\/pages"}],"about":[{"href":"https:\/\/ttgrupfilo.com\/index.php\/wp-json\/wp\/v2\/types\/page"}],"author":[{"embeddable":true,"href":"https:\/\/ttgrupfilo.com\/index.php\/wp-json\/wp\/v2\/users\/1"}],"replies":[{"embeddable":true,"href":"https:\/\/ttgrupfilo.com\/index.php\/wp-json\/wp\/v2\/comments?post=4658"}],"version-history":[{"count":4,"href":"https:\/\/ttgrupfilo.com\/index.php\/wp-json\/wp\/v2\/pages\/4658\/revisions"}],"predecessor-version":[{"id":4662,"href":"https:\/\/ttgrupfilo.com\/index.php\/wp-json\/wp\/v2\/pages\/4658\/revisions\/4662"}],"wp:attachment":[{"href":"https:\/\/ttgrupfilo.com\/index.php\/wp-json\/wp\/v2\/media?parent=4658"}],"curies":[{"name":"wp","href":"https:\/\/api.w.org\/{rel}","templated":true}]}}

Nasıl Kiralarım?

<div data-elementor-type="wp-page" data-elementor-id="4658" class="elementor elementor-4658">
				        <section class="elementor-section elementor-top-section elementor-element elementor-element-6207c16 elementor-section-boxed elementor-section-height-default elementor-section-height-default ct-header-fixed-none ct-row-max-none" data-id="6207c16" data-element_type="section">
            
                        <div class="elementor-container elementor-column-gap-default ">
                    <div class="elementor-column elementor-col-100 elementor-top-column elementor-element elementor-element-3f4ab07" data-id="3f4ab07" data-element_type="column">
        <div class="elementor-widget-wrap elementor-element-populated">
                    
        
		<div class="elementor-element elementor-element-b0d6463 elementor-widget elementor-widget-heading" data-id="b0d6463" data-element_type="widget" data-widget_type="heading.default">
				<div class="elementor-widget-container">
					<h2 class="elementor-heading-title elementor-size-default">ARAÇ KİRALAMA</h2>				</div>
				</div>
		            </div>
        </div>
                    </div>
        </section>
                <section class="elementor-section elementor-top-section elementor-element elementor-element-4c5176d elementor-section-boxed elementor-section-height-default elementor-section-height-default ct-header-fixed-none ct-row-max-none" data-id="4c5176d" data-element_type="section">
            
                        <div class="elementor-container elementor-column-gap-default ">
                    <div class="elementor-column elementor-col-100 elementor-top-column elementor-element elementor-element-af918ca" data-id="af918ca" data-element_type="column">
        <div class="elementor-widget-wrap elementor-element-populated">
                    
        		<div class="elementor-element elementor-element-2523c6f elementor-widget elementor-widget-text-editor" data-id="2523c6f" data-element_type="widget" data-widget_type="text-editor.default">
				<div class="elementor-widget-container">
									<strong>Kiralama yapabilmek için şirketimin ne gibi kriterlere sahip olması gerekir?</strong>
<BR>

Finans ekibimizin incelemeleri sonucunda şirketinizin finansal yeterliliği tespit edilir. Bu süreç sırasında sizlerden bazı veriler/evraklar talep edilebilir. Bu süreç en hızlı şekilde tamamlanarak, sizlere bilgi verilir.								</div>
				</div>
				<div class="elementor-element elementor-element-2ca2370 elementor-widget elementor-widget-text-editor" data-id="2ca2370" data-element_type="widget" data-widget_type="text-editor.default">
				<div class="elementor-widget-container">
									<strong>Beyan limitleri yeterli değil gibi? Sınırsız beyan olmuyor mu?</strong>
<BR>

Ücreti dahil olsa bile, hiçbir kasko sınırsız adet ve tutarda beyan limiti vermemektedir. Ancak müşterilerimizin ihtiyaçlarına göre ve sözleşme aşamasındaki taleplerine göre, beyan limitlerinde yukarı yönlü revize yapabiliyoruz.								</div>
				</div>
				<div class="elementor-element elementor-element-3a4a1de elementor-widget elementor-widget-text-editor" data-id="3a4a1de" data-element_type="widget" data-widget_type="text-editor.default">
				<div class="elementor-widget-container">
									<p><strong>Kiralama tekliflerinde nelere dikkat etmeliyim?<br /></strong>Genel olarak size sunulan tekliflerde, alacağınız hizmetin neleri kapsadığını veya kapsamadığını dikkatli incelemeniz gerekir. Kiralama sözleşmelerinde dikkat edilmesi gereken ana başlıkları aşağıda bulabilirsiniz.<br />KM Sınırı (Kiraladığınız aracı yılda kaç kilometre kullanabileceğiniz)<br />KM Aşım Bedelleri (Kiraladığınız araç için anlaşmış olduğunuz kilometre sınırını aşmanız durumunda ödemeniz gereken tutar)<br />• Lastiklerinizi değiştirmeniz gereken kilometreler<br />• Sigorta şartları<br />• Beyan Hakkı<br />• İkame araç verilme süreleri<br />• Servis süreleri<br />• Yol yardım hizmeti içeriği<br />• 7/24 Hizmet veriliyor mu?<br />Unutulmaması gerekir ki araç kiralama süresi boyunca hizmet alınacak ve araçlarınızın işleyişinde ve operasyonunda herhangi bir aksaklığın yaşanmaması gerekmektedir. Bu yüzden anlaşacağınız şirketin bu operasyonu yönetecek tecrübe ve yetkinliğe sahip olması çok önemlidir.</p>								</div>
				</div>
				<div class="elementor-element elementor-element-e9a7510 elementor-widget elementor-widget-text-editor" data-id="e9a7510" data-element_type="widget" data-widget_type="text-editor.default">
				<div class="elementor-widget-container">
									<p><strong><a class="ct-ac-title-text">2.el araç kiralayabilir miyim?</a><br /></strong>Müşteri memnuniyeti odağımız sebebiyle sıfır/2.el araçlar kiralamaktayız.</p>								</div>
				</div>
				<div class="elementor-element elementor-element-f323b31 elementor-widget elementor-widget-text-editor" data-id="f323b31" data-element_type="widget" data-widget_type="text-editor.default">
				<div class="elementor-widget-container">
									<strong>Recontracting neden yapılamıyor?</strong>
<BR>
Sözleşmenize ek olarak protokolle toplam sözleşme süresi 47 ayı aşmamak kaydıyla uzatma yapılabilmektedir. 47 aşan durumlarda yasalar gereğince leasing hizmeti kapsamına girdiği için daha fazla uzatılamamaktadır.
								</div>
				</div>
				<div class="elementor-element elementor-element-0b1df62 elementor-widget elementor-widget-text-editor" data-id="0b1df62" data-element_type="widget" data-widget_type="text-editor.default">
				<div class="elementor-widget-container">
									<strong>Günlük araç kiralayabilir miyim?</strong>
<BR>
Günlük araç kiralaması yapılmamaktadır.
								</div>
				</div>
		            </div>
        </div>
                    </div>
        </section>
        		</div>

<p>ARAÇ KİRALAMA Kiralama yapabilmek için şirketimin ne gibi kriterlere sahip olması gerekir? Finans ekibimizin incelemeleri sonucunda şirketinizin finansal yeterliliği tespit edilir. Bu süreç sırasında sizlerden bazı veriler/evraklar talep edilebilir. Bu süreç en hızlı şekilde tamamlanarak, sizlere bilgi verilir.Beyan limitleri yeterli değil gibi? Sınırsız beyan olmuyor mu? Ücreti dahil olsa bile, hiçbir kasko sınırsız adet ve [&hellip;]</p>
